s digit of j?
7
Suppose -3*o = 1 + 5. Let n be (-14)/(((-4)/2)/(-1)) + o. Let w(y) = -7*y - 21. What is the units digit of w(n)?
2
Let n(z) = 137*z - 11 + 3 + 7 + 3 + 0. What is the units digit of n(2)?
6
Let j(q) = -3*q**3 + 6*q**2 - 3*q + 14. Suppose -2*d - 22*d = 120. What is the hundreds digit of j(d)?
5
What is the tens digit of (-119252)/(-210) + 12 + (-1 - (-51)/45)?
8
Suppose -1658*l - 101595 = -1697*l. What is the units digit of l?
5
What is the thousands digit of (-1)/(-3) + (-120)/108*-3102?
3
Suppose -29*y + 92*y - 269064 = 1092555. What is the thousands digit of y?
1
Let m(s) = s**3 - 8*s**2 + 15*s - 15. Let d be m(6). Let r(p) be the third derivative of p**5/15 + p**4/24 + 2*p**3/3 - 3*p**2. What is the tens digit of r(d)?
4
Let y = 86 + -68. Let r(p) = 14 + 8 - y*p + 10*p - 3. What is the units digit of r(-7)?
5
Let t = 23945 + -11442. What is the tens digit of t?
0
Suppose 3114 = -2*b + 5*b. Suppose 4*m - 2*y - b = 0, 4*y + y = m - 282. What is the tens digit of m?
5
Let u(y) = y**3 - 2*y**2 - y - 4. Let g be u(3). Let o(k) be the first derivative of 5*k**3 + k**2/2 - 2*k + 47. What is the units digit of o(g)?
0
What is the units digit of ((-32)/40)/(12/30) - -5130?
8
Let d = -615 + 861. Suppose 0 = -5*z + 3*q + 1398, -3*q - 1362 = -4*z - d. What is the units digit of z?
2
Suppose -2306*w = -2296*w - 19370. What is the thousands digit of w?
1
Let s(a) = 130*a + 235. Let y be s(-7). Let x = 4 - y. What is the tens digit of x?
7
Suppose 4*k + 4*d = k - 32, 2*d = 2. Let x be (k/27)/(8/(-12))*3. Suppose 29 = x*s - 5. What is the tens digit of s?
1
Let q be -2 - (-6 + -2) - 288. Let h = q + 673. What is the hundreds digit of h?
3
Let w = 173737 - 117201. What is the units digit of w?
6
Let k(s) = 87*s**2 + 265*s - 24. What is the thousands digit of k(-11)?
7
What is the hundreds digit of 19/228 - (-63454)/24 - -2?
6
Let i = 9 - -113. Let d be -4 - (-6 - -5)*-53. Let w = d + i. What is the units digit of w?
5
Suppose -5*m = t + 523, -2*t + m - 1025 = 4*m. Let z = 793 - t. What is the thousands digit of z?
1
Let i = 150 + -90. Suppose 55 = f + i. Let m(u) = -13*u - 11. What is the units digit of m(f)?
4
Let w be 9 + 264/(-30) - 17789/(-5). Suppose 7*c - 2231 = w. What is the tens digit of c?
2
Suppose -15*u + 10*u - 1115 = 0. Let p be 13580/42 + (-1)/3. Let h = p + u. What is the tens digit of h?
0
What is the tens digit of (-20776 + -1185)/((-1)/2 + 0)?
2
What is the tens digit of (-10)/155 + 14154084/651?
4
Let g(i) = 41*i**2 + 7*i + 3. Let l be g(-2). Suppose 6*y = 351 + l. What is the units digit of y?
4
What is the thousands digit of (-98)/637 + (-624870)/(-78)?
8
Suppose 31 = 2*m + 13. Suppose -33 = -6*u - m. Suppose 216 = 4*t - d - 0*d, 2*t - u*d - 108 = 0. What is the tens digit of t?
5
Let s(l) = l - 4*l**2 - 2*l**2 + 9*l**2 - 2*l**2. Let h be s(-1). What is the hundreds digit of 888/6 - (-3)/(-1 + h)?
1
Let b be (-14)/(-70) - (-814)/5. Suppose -4*p + 741 = -b. What is the hundreds digit of p?
2
Let x(l) = 871*l**2 - 11*l + 24. What is the tens digit of x(3)?
3
Suppose 13*p - 5*p - 24 = 0. Suppose -10498 = -26*g - p*g. What is the units digit of g?
2
Let z = -102 + 1269. Let u = z - 343. What is the hundreds digit of u?
8
Let m be -1 - 6/1*(-2)/4. Let j = -5 - m. Let w(s) = s**3 + 6*s**2 - 9*s + 2. What is the tens digit of w(j)?
1
Let i(h) = h**2 + 3*h + 254. Let d(v) = v**3 + 10*v**2 + 12*v + 27. Let y be d(-9). What is the hundreds digit of i(y)?
2
Suppose 7*o + 313 = 6*o. Let n = -76 - o. Suppose -t + n - 86 = 2*q, q + t - 76 = 0. What is the tens digit of q?
7
Let d = -21764 - -41034. What is the thousands digit of d?
9
Let v(o) = 2*o**2 - 14*o - 3. Suppose -8*m - 32 + 168 = 0. What is the hundreds digit of v(m)?
3
Let n be 171/12 - 2 - 4/16. Suppose 10*i + 8 = n*i. Suppose -2*z + i*z - 256 = 0. What is the tens digit of z?
2
Suppose -4*b = 4*x - 45908, 3*x - 1048 + 1021 = 0. What is the ten thousands digit of b?
1
Let m(z) = -z - 1. Let p be ((55/(-20))/(-11))/(2/8). Let w(g) = -g**2 + 15*g - 16. Let b(v) = p*w(v) + m(v). What is the tens digit of b(4)?
2
Let j be 143/26 + (-15)/(-6). Let u = 3185 - 1618. Suppose -233 = -j*z + u. What is the tens digit of z?
2
Let z = -669 - -1959. Suppose -1026 - z = -4*i. What is the tens digit of i?
7
Let n(g) = -9*g**3 + 2*g**2 + 10*g + 3. Let q be n(-5). Suppose -2*y - 672 = -3*v - 5*y, -q = -5*v + 3*y. What is the tens digit of v?
2
Suppose 1326*i = 1322*i + 27560. What is the hundreds digit of i?
8
Suppose -q = 4*i - 16248, 0 = 5*q - 0*i - i - 81198. What is the tens digit of q?
4
Let i be (-3 + -180)/(3/9*-1). Suppose 3*m + 0*m - i = 0. Suppose -4*r + r + m = 0. What is the units digit of r?
1
What is the tens digit of ((-133)/266 - (-2061)/(-2))*(-1 + -10)?
4
Let t(q) = -2*q + 170. Let p be t(-18). Suppose -3*c + p = -214. What is the hundreds digit of c?
1
Let w(z) = -z**2 + 16*z + 38. Let j be w(18). Suppose 0 = j*x + 34 - 6. What is the tens digit of (-106 - -1)*x/42?
3
Suppose 262*h = 259*h - 5*g + 47747, -5*h = 4*g - 79587. What is the units digit of h?
9
Suppose 6*d - 4*z = 9*d + 6, 6 = -3*d - 8*z. Suppose 5*i - 14 = 1. What is the units digit of d - (-7)/i - 1300/(-15)?
7
Suppose -30*q = -14*q - 33136. What is the thousands digit of q?
2
Suppose -14*x + 139530 + 240052 = 0. What is the hundreds digit of x?
1
Let f(g) = -g**2 - 36*g + 83. Let j be f(-38). Suppose -j*t = -3*t - 4720. What is the tens digit of t?
8
Let x(t) = 44*t - 20. Let b(u) = -6*u - 56. Let w be b(-10). What is the tens digit of x(w)?
5
Let f = -84511 + 125205. What is the ten thousands digit of f?
4
Suppose 2*f - 2928 = -2*d, -3*f - 2*f = -3*d - 7328. What is the units digit of f?
5
Let d(k) = k**3 + 10*k**2 + 4*k + 10. Suppose -x + 1 = 2*c + 15, -3*x = 3*c + 15. What is the units digit of d(c)?
5
Suppose 32*y - 31*y - 3*d - 5920 = 0, 2*d + 17767 = 3*y. What is the tens digit of y?
2
Let u(z) be the third derivative of -z**6/24 + z**5/20 - z**4/6 + z**3/3 - 128*z**2. What is the tens digit of u(-4)?
8
Suppose 11*r - 39 - 5 = 0. Suppose -2*o + 5*b = -29 + 6, 0 = 2*o + r*b + 4. Suppose o*i = 5*j - 12 - 75, -i = -4*j + 74. What is the tens digit of j?
1
Let n be (-1 - 5)/((-28)/(-8) - 5). Suppose -4*t + 88 = n*t. Let c = 35 - t. What is the tens digit of c?
2
Let k be ((-3)/4)/((-2)/24*3). Suppose -k*y + 1023 = 69. What is the tens digit of y?
1
Let c(l) = -6538*l - 1203. What is the ten thousands digit of c(-5)?
3
Let s = 48387 - 32324. What is the ten thousands digit of s?
1
Let t(j) = 49*j - 48. Let g(y) = 49*y - 48. Let v(l) = 5*g(l) - 4*t(l). What is the hundreds digit of v(15)?
6
Suppose -6*q = -2*q + 3616. What is the units digit of (-4)/14 + q/(-28) + -1?
1
Let r(p) be the second derivative of p**4/12 + p**3/6 - 41*p**2/2 + 209*p. What is the units digit of r(-19)?
1
Suppose -3*d - 3*d - 16*d = -701294. What is the thousands digit of d?
1
Let y(d) = d**2 - 6*d + 10. Let x be y(-8). Suppose 524 = i + x. What is the hundreds digit of i?
4
Let g = -13 + -9. Let b(m) = -m**3 + 10*m**2 - 18*m + 1. Let t be b(8). Let a = t - g. What is the units digit of a?
7
Suppose 3*g - 4*o + 97 = 0, 0 = -3*g + 5*g - o + 68. Let t be ((-8)/(112/g))/(1/2). Suppose -5*z - 4*y = -y - 427, 5*y + t = 0. What is the units digit of z?
6
What is the ten thousands digit of (-33 + 133/4)/((-1)/(-138452))?
3
Suppose -3*y - 20693 + 57878 = 3*w, -w = 3*y - 12397. What is the hundreds digit of w?
3
Suppose -369*w - 3040 = -373*w. What is the hundreds digit of w?
7
Let i(c) = 84*c**2 - 8*c + 7. Let p be i(-4). Suppose 5*a - 2570 + 265 = -5*d, -3*a + 4*d + p = 0. Suppose -a = -4*n + 311. What is the tens digit of n?
9
Let g = -13 - -22. Suppose g*m - 1549 - 224 = 0. What is the tens digit of -3 - m/(0 - 4 - -3)?
9
Let i be (-1*(-1)/(-2))/((-27)/270). Suppose 0 = -3*s - 2*t + 4833, t - 8055 = -i*s - 3*t. What is the tens digit of s?
1
Let m(n) = -n**2 - 2*n + 31. Let c be m(-6). Suppose -4*j + 2893 = c*j. What is the units digit of j?
3
Let b(d) = 2*d**3 - 4*d**2 + 2*d - 4. Let j be b(2). Suppose -4*c - 4*r + 164 = j, 0 = 4*c - 4*r + r - 192. What is the units digit of c?
5
Let j be ((-366)/(-4))/(12/24). Let l = 398 - j. What is the units digit of l?
5
Suppose 119*f = 122*f + 2*k - 159413, -5*f = 5*k - 265695. What is the ten 